 digit of 56724743?
6
What is the ten thousands digit of 53860951?
6
What is the hundred thousands digit of 300890308?
8
What is the ten millions digit of 2253942979?
5
What is the ten millions digit of 53675992?
5
What is the units digit of 118608677?
7
What is the hundreds digit of 52145313?
3
What is the ten thousands digit of 19564890?
6
What is the tens digit of 45210478?
7
What is the millions digit of 133357592?
3
What is the tens digit of 3720208081?
8
What is the ten millions digit of 91044908?
9
What is the hundreds digit of 197217291?
2
What is the thousands digit of 18159747?
9
What is the ten millions digit of 278508728?
7
What is the ten thousands digit of 610529242?
2
What is the ten millions digit of 1509869041?
0
What is the hundred thousands digit of 329705950?
7
What is the ten millions digit of 121132773?
2
What is the hundred thousands digit of 32970994?
9
What is the ten millions digit of 172696128?
7
What is the tens digit of 404065376?
7
What is the hundreds digit of 185282805?
8
What is the billions digit of 3385925081?
3
What is the tens digit of 26672348?
4
What is the units digit of 49121775?
5
What is the hundred millions digit of 269719821?
2
What is the thousands digit of 3495537924?
7
What is the ten thousands digit of 4336371421?
7
What is the ten thousands digit of 329202700?
0
What is the millions digit of 1794649320?
4
What is the hundreds digit of 30508113?
1
What is the hundred millions digit of 704377359?
7
What is the ten millions digit of 53621419?
5
What is the millions digit of 2924756286?
4
What is the hundreds digit of 241091987?
9
What is the ten thousands digit of 610046841?
4
What is the hundred thousands digit of 203016611?
0
What is the millions digit of 670096726?
0
What is the millions digit of 410052006?
0
What is the units digit of 238312763?
3
What is the ten thousands digit of 1006588371?
8
What is the millions digit of 1416467104?
6
What is the thousands digit of 80737535?
7
What is the millions digit of 58063929?
8
What is the units digit of 4791615?
5
What is the units digit of 3166992137?
7
What is the millions digit of 3862982?
3
What is the millions digit of 502497567?
2
What is the units digit of 1059360313?
3
What is the tens digit of 703597?
9
What is the hundred millions digit of 117432878?
1
What is the hundreds digit of 240479252?
2
What is the millions digit of 918400102?
8
What is the ten thousands digit of 3550748008?
4
What is the hundreds digit of 15958591?
5
What is the millions digit of 249495282?
9
What is the ten millions digit of 27085092?
2
What is the millions digit of 441681747?
1
What is the ten millions digit of 538124780?
3
What is the hundred thousands digit of 33534801?
5
What is the units digit of 98374174?
4
What is the ten thousands digit of 2191262?
9
What is the thousands digit of 132333714?
3
What is the tens digit of 842012745?
4
What is the ten thousands digit of 6002146644?
4
What is the tens digit of 273002389?
8
What is the millions digit of 605993313?
5
What is the thousands digit of 1625710128?
0
What is the hundred thousands digit of 3577447244?
4
What is the millions digit of 344699705?
4
What is the ten thousands digit of 390628580?
2
What is the ten thousands digit of 3778705151?
0
What is the hundreds digit of 322501756?
7
What is the millions digit of 111620641?
1
What is the ten millions digit of 13823472?
1
What is the hundreds digit of 39819606?
6
What is the ten thousands digit of 1007868297?
6
What is the hundreds digit of 550390126?
1
What is the ten millions digit of 789400647?
8
What is the millions digit of 5190389730?
0
What is the millions digit of 1202692809?
2
What is the ten millions digit of 47229008?
4
What is the hundred thousands digit of 10463233?
4
What is the thousands digit of 91201874?
1
What is the hundreds digit of 2480307344?
3
What is the ten millions digit of 174929201?
7
What is the ten millions digit of 699434381?
9
What is the ten millions digit of 1094162595?
9
What is the ten thousands digit of 2068181727?
8
What is the hundred millions digit of 7471276094?
4
What is the ten thousands digit of 31362714?
6
What is the millions digit of 4233138?
4
What is the hundred thousands digit of 106434128?
4
What is the thousands digit of 826206553?
6
What is the units digit of 4738943570?
0
What is the millions digit of 91038076?
1
What is the tens digit of 46412858?
5
What is the units digit of 112009023?
3
What is the units digit of 78211537?
7
What is the tens digit of 84293541?
4
What is the thousands digit of 274817241?
7
What is the hundred millions digit of 2115091278?
1
What is the ten millions digit of 126144777?
2
What is the hundreds digit of 456842099?
0
What is the thousands digit of 40123563?
3
What is the units digit of 302562320?
0
What is the ten thousands digit of 83785662?
8
What is the billions digit of 1465041107?
1
What is the ten millions digit of 101505135?
0
What is the hundreds digit of 77359706?
7
What is the thousands digit of 5209557251?
7
What is the ten thousands digit of 1345052348?
5
What is the units digit of 1391144765?
5
What is the hundreds digit of 3514544463?
4
What is the tens digit of 191870521?
2
What is the ten thousands digit of 23816438?
1
What is the thousands digit of 3755733861?
3
What is the hundred millions digit of 491155158?
4
What is the tens digit of 310867595?
9
What is the units digit of 3186608781?
1
What is the ten thousands digit of 536387214?
8
What is the millions digit of 84910109?
4
What is the thousands digit of 1891507475?
7
What is the units digit of 14610242?
2
What is the hundreds digit of 1268003790?
7
What is the millions digit of 471540771?
1
What is the units digit of 55033650?
0
What is the ten millions digit of 429111462?
2
What is the hundred millions digit of 2678789488?
6
What is the billions digit of 3521096606?
3
What is the ten thousands digit of 1792778014?
7
What is the thousands digit of 540910303?
0
What is the ten millions digit of 701576673?
0
What is the units digit of 1881630273?
3
What is the hundred millions digit of 206663489?
2
What is the ten millions digit of 1001679578?
0
What is the thousands digit of 75913502?
3
What is the units digit of 355529882?
2
What is the ten thousands digit of 136954076?
5
What is the hundred millions digit of 5072761564?
0
What is the hundreds digit of 20820499?
4
What is the tens digit of 40630201?
0
What is the millions digit of 4395978?
4
What is the hundreds digit of 2435843315?
3
What is the thousands digit of 37961443?
1
What is the hundred thousands digit of 1985692165?
6
What is the hundred thousands digit of 2776423789?
4
What is the billions digit of 1798959826?
1
What is the thousands digit of 1103964608?
4
What is the hundred millions digit of 666536887?
6
What is the hundreds digit of 134158153?
1
What is the ten thousands digit of 4270796532?
9
What is the hundreds digit of 212852192?
1
What is the millions digit of 8017698754?
7
What is the ten thousands digit of 531219421?
1
What is the ten thousands digit of 635279115?
7
What is the ten thousands digit of 1045477413?
7
What is the thousands digit of 2791972?
1
What is the tens digit of 97918095?
9
What is the hundred millions digit of 205807630?
2
What is the tens digit of 770106786?
8
What is the hundred thousands digit of 134046257?
0
What is the millions digit of 1585616469?
5
What is the hundreds digit of 2147609878?
8
What is the tens digit of 45499706?
0
What is the ten thousands digit of 9793785?
9
What is the units digit of 262526577?
7
What is the hundreds digit of 863586372?
3
What is the thousands digit of 123627569?
7
What is the tens digit of 11483318?
1
What is the hundred millions digit of 204665146?
2
What is the hundred millions digit of 4132194124?
1
What is the thousands digit of 5837971594?
1
What is the tens digit of 48153492?
9
What is the ten millions digit of 339633056?
3
What is the ten millions digit of 376740384?
7
What is the hundreds digit of 103745064?
0
What is the ten thousands digit of 3171202085?
0
What is the tens digit of 1148880342?
4
What is the tens digit of 1668444235?
3
What is the hundred thousands digit of 310841712?
8
What is the hundred millions digit of 240520381?
2
What is the th